6
Let w(x) = -4*x + 65. Calculate w(16).
1
Let v(g) = g**3 - g**2 + 25. Give v(0).
25
Let x(j) = 15*j - 4. Determine x(-4).
-64
Let r(j) = 10*j + 452. Calculate r(-45).
2
Let k(s) = 3*s**2 + 2*s + 8. Determine k(-5).
73
Let l(u) = 24*u - 3. Calculate l(3).
69
Let f(b) = 5*b**3 + 2*b**2 + b - 1. What is f(-1)?
-5
Let o(u) = -u + 10. Calculate o(-10).
20
Let v(s) = -s - 8. What is v(-7)?
-1
Let j(a) = a - 14. What is j(-15)?
-29
Let z(i) = i**3 + 17*i**2 - 16*i + 26. What is z(-18)?
-10
Let d(s) = s**2 - 14*s + 16. Determine d(13).
3
Let a(d) = 3*d - 2. Determine a(-9).
-29
Let x(y) = -9*y**2 - 6*y + 1. Give x(1).
-14
Let f(q) = q**3 + 6*q**2 + 5*q + 2. Give f(-5).
2
Let o(b) = b**3 - 23*b**2 - b + 11. Give o(23).
-12
Let n(l) = -7*l**2 - 4*l + 3. What is n(1)?
-8
Let f(k) = -k**2 + 57*k - 405. What is f(8)?
-13
Let o(v) = -v**3 + 36*v**2 + 4*v - 118. Determine o(36).
26
Let q(b) = -b**2 - 6*b + 10. Give q(-8).
-6
Let p(i) = 13*i + 437. Calculate p(-34).
-5
Let l(z) = -8*z**2 + 38*z + 4. Determine l(5).
-6
Let i(a) = -8*a - 19. Determine i(-12).
77
Let w(m) = m**3 + m**2 - m - 6. Calculate w(-3).
-21
Let c(v) = -v**3 + 23*v**2 - 3*v + 101. Give c(23).
32
Let f(z) = -z**3 + 6*z**2 + 2*z - 23. Determine f(4).
17
Let m(h) = -h**3 + 2*h**2 + 1. Give m(0).
1
Let b(l) = l**3 + 14*l**2 + 13*l - 11. What is b(-13)?
-11
Let j(n) = -n**3 + 6*n**2 + 6*n + 4. What is j(7)?
-3
Let l(o) = 2*o**2 + 15*o + 19. Give l(-6).
1
Let f(j) = j**3 - 9*j**2 - 1. Calculate f(9).
-1
Let q(d) = d**2 + 5*d + 1. Give q(-3).
-5
Let l(k) = -k**2 - 4*k + 4. What is l(2)?
-8
Let g(m) = -m + 9. Calculate g(-6).
15
Let u(z) = 7*z - 36. What is u(10)?
34
Let k(t) = t**2 + 3*t - 25. Calculate k(-6).
-7
Let w(r) = -6*r + 12. Calculate w(5).
-18
Let j(v) = v + 12. Determine j(-26).
-14
Let r(m) = -m**2 - 16*m + 11. What is r(-16)?
11
Let p(x) = -2*x**2 - x - 13. Calculate p(-6).
-79
Let z(b) = -2*b**3 - 5*b**2 - b. Calculate z(-2).
-2
Let q(j) = -10*j + 1. Determine q(-3).
31
Let d(n) = -157*n - 1. What is d(1)?
-158
Let h(n) = -10*n + 157. Calculate h(17).
-13
Let n(d) = -d**2 - 7*d + 4. Determine n(-6).
10
Let h(c) = -2*c**3 + c**2 + 4*c. What is h(2)?
-4
Let f(w) = -2*w**2 - 8*w - 11. Determine f(-2).
-3
Let l(i) = -i**2 - 15*i + 103. Give l(-19).
27
Let c(g) = g**3 + 27*g**2 + 24*g - 25. Give c(-26).
27
Let r(j) = -12*j - 354. What is r(-30)?
6
Let v(s) = -3*s**2 + 4*s + 6. Calculate v(3).
-9
Let r(s) = -5*s**3 - 4*s**2 - 5*s. What is r(-1)?
6
Let h(l) = l**3 + l**2 + l - 5. Determine h(0).
-5
Let k(t) = -t**2 + t + 14. Calculate k(5).
-6
Let g(q) = -121*q + 1569. What is g(13)?
-4
Let z(g) = -g**3 - 8*g**2 - 9*g + 11. Give z(-5).
-19
Let q(g) = g**2 - 13*g - 1. What is q(13)?
-1
Let l(t) = -t**3 - 5*t**2 + 6*t + 10. Give l(-5).
-20
Let k(g) = -g**3 + 23*g**2 + 26*g - 41. Determine k(24).
7
Let z(p) = -p**3 + 5*p**2 - p - 5. Give z(4).
7
Let v(k) = k**2 - 16*k - 10. Give v(21).
95
Let m(r) = 3*r**2 + r. Calculate m(1).
4
Let t(f) = -9*f - 1. What is t(-1)?
8
Let q(d) = -d**3 + 8*d**2 - 9*d + 3. Determine q(7).
-11
Let n(s) = s**2 + 10*s - 1. Determine n(-11).
10
Let n(p) = -2*p**2 - 8*p + 10. Determine n(-5).
0
Let d(k) = -k**3 + 11*k**2 - 12*k + 21. Give d(10).
1
Let q(x) = -3*x**3 + 6*x**2 - 4*x + 2. Calculate q(2).
-6
Let r(g) = -3*g - 1. Give r(8).
-25
Let n(j) = -j**3 + 6*j**2 + 14*j + 1. Determine n(8).
-15
Let q(d) = d**3 + 8*d**2 - 11*d - 19. Calculate q(-9).
-1
Let i(d) = 2*d**3 - 2*d**2 - 7. Calculate i(0).
-7
Let i(t) = 4*t + 4. What is i(-3)?
-8
Let m(s) = 3*s**2 - 14*s - 11. Determine m(7).
38
Let q(s) = -s**2 + 2. Give q(4).
-14
Let s(x) = x**3 - 12*x**2 + 6*x - 10. What is s(11)?
-65
Let p(d) = 5*d - 48. Calculate p(11).
7
Let u(z) = -24*z**3 + z + 1. Give u(-1).
24
Let c(j) = 42*j + 121. What is c(-3)?
-5
Let f(z) = 28*z + 225. Determine f(-8).
1
Let i(y) = -y - 11. Calculate i(-8).
-3
Let v(c) = c**3 + 9*c**2 - 4*c - 19. Calculate v(-9).
17
Let j(u) = -5*u**2 + u. Calculate j(-1).
-6
Let l(v) = -v - 11. Determine l(-17).
6
Let w(q) = -q**3 - 16*q**2 + 11*q - 112. Determine w(-17).
-10
Let t(x) = x + 5. Calculate t(-11).
-6
Let a(t) = 51*t + 10. What is a(-1)?
-41
Let b(g) = 5*g**3 + g + 1. Give b(-1).
-5
Let x(s) = -14*s**2 - s. Give x(-2).
-54
Let o(c) = -2*c + 15. What is o(7)?
1
Let b(w) = -15*w - 1. Determine b(1).
-16
Let m(l) = 68*l**3 - l**2 + 2*l - 1. Give m(1).
68
Let q(x) = x**3 + 19*x**2 + 17*x - 22. Calculate q(-18).
-4
Let l(y) = -8*y - 8. Give l(-5).
32
Let p(k) = -k**3 + 12*k**2 - 9*k - 14. What is p(10)?
96
Let o(z) = -37*z + 506. Give o(13).
25
Let r(o) = 3*o**3 - 2*o**2 + 6*o + 7. What is r(-1)?
-4
Let o(x) = -6*x**2 + x + 1. Determine o(-2).
-25
Let u(w) = 2*w - 34. What is u(13)?
-8
Let m(s) = -s**3 - 36*s**2 + 2*s + 40. What is m(-36)?
-32
Let j(u) = u**2 + 11*u + 13. What is j(-11)?
13
Let k(r) = r**3 + 11*r**2 - 11*r - 9. What is k(-12)?
-21
Let j(m) = m + 23. Give j(-16).
7
Let w(u) = 5*u - 41. Give w(7).
-6
Let f(p) = -p**3 + 21*p**2 + 72*p - 13. Determine f(24).
-13
Let q(x) = -16*x + 1. Calculate q(-2).
33
Let u(c) = 11*c + 24. What is u(5)?
79
Let c(r) = -44*r**3 + 2*r**2 - 6*r + 4. Determine c(1).
-44
Let x(v) = 2*v - 32. Determine x(19).
6
Let k(i) = i**2 + 6*i - 1. Determine k(-6).
-1
Let f(l) = -2*l**2 + 33*l - 11. Determine f(16).
5
Let q(a) = a**2 - 8*a + 8. What is q(9)?
17
Let i(h) = 3*h - 3. What is i(-7)?
-24
Let y(x) = -x**3 - 3*x**2 + 4*x + 5. What is y(-4)?
5
Let y(c) = c**2 - 86. What is y(-9)?
-5
Let k(q) = q**2 - 5*q + 6. What is k(2)?
0
Let u(z) = -z**3 + 8*z**2 + 7*z + 22. Determine u(9).
4
Let r(z) = 4*z**2 - 6*z + 5. Calculate r(1).
3
Let c(z) = z**2 + 19*z - 28. What is c(-19)?
-28
Let j(y) = -3*y - 52. What is j(-13)?
-13
Let s(a) = -a**3 - 2*a**2 - 9*a - 12. Give s(-2).
6
Let x(w) = 11*w - 1. What is x(4)?
43
Let q(a) = -a**3 + 4*a**2 + 3*a. Give q(4).
12
Let y(l) = 2*l**2 + 6*l + 5. Determine y(-1).
1
Let s(a) = a**3 - 6*a**2 + 5*a - 4. Give s(5).
-4
Let o(j) = j**2 + 2*j - 5. Determine o(0).
-5
Let t(n) = n**2 + 15*n + 31. Calculate t(-3).
-5
Let n(l) = 3*l + 88. Calculate n(-35).
-17
Let x(b) = b**2 + 9*b + 9. Calculate x(-9).
9
Let k(f) = -5*f + 3. What is k(6)?
-27
Let q(r) = -30*r**3 + r**2 - 2*r + 1. Determine q(1).
-30
Let z(i) = 2*i**2 - i - 5. What is z(-2)?
5
Let o(x) = x + 9. Give o(3).
12
Let l(v) = -v**2 + 11*v - 10. Give l(11).
-10
Let c(s) = -s**3 - 22*s**2 - 57*s + 3. Give c(-19).
3
Let z(d) = -d**2 + 14*d - 30. Calculate z(13).
-17
Let g(h) = h**3 - 7*h**2 - 4. Give g(6).
-40
Let d(j) = -j**2 - 2*j + 110. Calculate d(-12).
-10
Let m(b) = -3*b - 8. Calculate m(-2).
-2
Let d(r) = -26*r**2 + 13*r + 1. Calculate d(-2).
-129
Let b(a) = -2*a + 40. What is b(17)?
6
Let b(d) = -d**2 + 47*d - 204. Determine b(5).
6
Let w(y) = 3*y - 4. Determine w(-14).
-46
Let u(a) = 7*a + 114. Determine u(-16).
2
Let n(m) = m - 12. Give n(12).
0
Let f(k) = -2*k + 51. Determine f(20).
11
Let l(g) = g**3 + 3*g**2 - 76*g - 283. Calculate l(-4).
5
Let n(i) = -i**2 + 25*i - 50. What is n(23)?
-4
Let m(a) = -12*a**2 + a + 2. Determine m(-2).
-48
Let c(b) = 3*b**2 - b + 2. Give c(1).
4
Let p(w) = 2*w**2 + 10*w - 8. What is p(-6)?
4
Let p(i) = -i**2 - 10*i - 4. What is p(-12)?
-28
Let c(a) = 6*a + 40. Give c(-5).
10
Let z(i) = -13*i**2 + i. What is z(1)?
-12
Let c(q) = -8*q**3 - 2*q**2 - 2*q - 1. Determine c(-1).
7
Let a(c) = -c**3 + 7*c**2 - c. Determine a(6).
30
Let p(x) = x**3 + 9*x**2 + 21*x + 18. Give p(-6).
0
Let y(a) = a**3 - 21*a**2 + 26. Give y(21).
26
Let h(i) = 21*i + 98. What is h(-5)?
-7
Let o(w) = -w**3 + 13*w**2 - 10*w + 6. Give o(12).
30
Let l(h) = h**2 - 44. Calculate l(7).
5
Let i(a) = 59*a**3 + a**2 + 3*a + 2. Give i(-1).
-59
Let z(u) = -u**2 + 16*u - 7. Give z(13).
32
Let x(o) = -o**3 + 7*o**2 - 4*o - 23. Give x(5).
7
Let u(p) = p + 12. Determine u(5).
17
Let i(r) = -3*r. Calculate i(5).
-15
Let k(q) = 14*q - 2. Determine k(1).
12
Let n(l) = -l**3 + 4*l**2 - 3*l + 4. Determine n(4).
-8
Let i(m) = -m + 6. Give i(-10).
16
Let b(m) = -2*m - 1. Give b(5).
-11
Let t(p) = -87*p + 449. Give t(5).
14
Let f(c) = -c**2 + 13*c + 14. Give f(14).
0
Let u(s) = s**3 - 14*s**2 - 3*s - 10. Calculate u(14).
-52
Let b(c) = c**2 - 9*c + 7. Determine b(12).
43
Let l(m) = -2*m**2 + 7*m + 5. What is l(3)?
8
Let c(w) = w**2 - 1